s divided by 13.
9
Let z(y) = -y**2 + 2*y. Let q be z(2). Let o(x) = 2*x + 30. What is the remainder when 119 is divided by o(q)?
29
Calculate the remainder when 129/15 - (-6)/(-10) is divided by 7.
1
Let g = 33 - -10. Suppose 0*y + g = y. Calculate the remainder when y is divided by (-22)/(-4)*(2 - 0).
10
Calculate the remainder when (-4)/(-1) - 2 - (-75 - 2) is divided by 20.
19
Let u(k) = k**2 - 4*k - 9. Let a be u(7). Let d = -8 + a. Calculate the remainder when 11 is divided by d.
3
Let h(j) = j**3 - 3*j - 11. Calculate the remainder when 162 is divided by h(4).
39
Suppose 0 = -2*m + u - 568, 3*u = 5*m - 2*u + 1420. Let z be 8/44 + m/(-11). Suppose -s = s - z. What is the remainder when 25 is divided by s?
12
Suppose -5*m + 41 = 4*x, 3*m - 4*x + 2 - 1 = 0. Calculate the remainder when 8 is divided by m.
3
Let v(n) be the second derivative of -19*n**3/6 - n**2/2 - n. Calculate the remainder when 35 is divided by v(-1).
17
What is the remainder when (63/28)/((-2 - 0)/(-24)) is divided by 122/18 - 2/(-9)?
6
Suppose 1 = -b + 6. Suppose -b*l - o + 107 + 18 = 0, 0 = 3*l + 3*o - 75. Suppose -3*w = 6 - 45. What is the remainder when l is divided by w?
12
Suppose 5*z + 15 = 0, 21 = 3*h + 4*z + 78. Calculate the remainder when (12/(-15))/(-2)*95 is divided by (-38)/(-3) - 5/h.
12
Let y = -27 + 56. Suppose 2 = 3*w - 4*w, 4*w - 331 = -3*r. What is the remainder when r is divided by y?
26
Let x be 1*(0 - 1)*1. Let s be ((-4)/14)/(x/7). Suppose 3*u + 34 = 5*u - s*v, 2*u = 5*v + 46. Calculate the remainder when 37 is divided by u.
11
What is the remainder when 33 is divided by 13/(182/(-36))*-7?
15
Let a be 16/6*(-3)/(-2). What is the remainder when (2/a)/(1/60) is divided by 16?
14
Suppose 3*h - 4*w + 2*w - 9 = 0, -4*h = -5*w - 5. Suppose 5*v = -2*l - l + 104, 98 = 4*v - h*l. Calculate the remainder when v is divided by 8.
6
Suppose 0 = k - 3*w + 80, 2*w - 7 = 1. Calculate the remainder when 77 is divided by 17/k - 162/(-8).
17
Let c = 8 + -4. Suppose 5*j = j. Let f(w) = w + 6. Calculate the remainder when f(j) is divided by c.
2
Suppose 15 + 1 = 2*h. Suppose 6*m + 6 = h*m. Calculate the remainder when m is divided by 3.
0
Let y = -14 - -19. Suppose 10*b - 85 = y*b. What is the remainder when 31 is divided by b?
14
Suppose -2*x - 13 + 143 = 0. Calculate the remainder when x is divided by ((-34)/(-4))/((-13)/(-26)).
14
Let d(m) = m. Let b be d(2). Suppose 4*t = -0*l - 3*l + 32, l = -b*t + 8. Calculate the remainder when 31 is divided by l.
15
Suppose -2*i = -4*t - 106, -2*i - 4*t + 6*t = -100. What is the remainder when i is divided by 8?
7
Suppose 4*j - 5 - 3 = 0. Let k = -3 - -5. Suppose -k*a = -6*a + 8. Calculate the remainder when j is divided by a.
0
Let h(r) = 10*r**2 - r - 1. Calculate the remainder when -6*15/(-6) - -4 is divided by h(-1).
9
Let j(h) = -h**3 - 4*h**2 - h. Suppose 5*m - 5*w = 70, w - 45 = -3*m + 5*w. What is the remainder when m is divided by j(-4)?
3
Let w be 40/18 + 4/(-18). Let o = 10 - w. Calculate the remainder when 4 is divided by o/(-28) - (-23)/7.
1
Let u(x) = -x**3 + 7*x**2 - 6*x + 3. Let w be u(6). Suppose a - 12 = -w. Calculate the remainder when a is divided by 5.
4
Let s = -54 - -86. What is the remainder when s is divided by 11?
10
Suppose q + h = 2*q - 13, 5*h + 41 = 2*q. Suppose -q*l = -4*l. What is the remainder when 46 is divided by 5*((-48)/(-15) + l)?
14
Let o be 18/(-4)*(-4)/(-3). Calculate the remainder when o/21 - (-1156)/28 is divided by 11.
8
Suppose -o - 5*f = 2*o - 27, 4*o + 5*f - 41 = 0. What is the remainder when 51 is divided by o?
9
Suppose 22 = 4*k - 26. Calculate the remainder when (k/18)/(2/36) is divided by 7.
5
Suppose 6*g = 4*g + 32. Calculate the remainder when 61 is divided by g.
13
Let i be ((-1035)/18)/(2/(-16)). Let b be i/(-3)*42/(-35). Let k = b + -110. What is the remainder when k is divided by 25?
24
Let w = -6 - -10. Let q = w - 1. What is the remainder when (q + -2)/((-1)/(-5)) is divided by 3?
2
Let p = -19 + 33. Suppose -13 + 3 = -2*v. Calculate the remainder when p is divided by v.
4
Suppose -4*s - 18 = -334. What is the remainder when s is divided by 20?
19
Calculate the remainder when ((-78)/4)/(4/(-8)) is divided by 10.
9
Let k = 13 - 10. Suppose 2*c + c = 0. Let h = 2 + c. Calculate the remainder when k is divided by h.
1
Suppose -4*h + 51 + 3 = n, -5*h + 5*n + 80 = 0. Suppose -17 = -r + h. Calculate the remainder when r is divided by 16.
15
Suppose 0 = -j + 2*j. Suppose 2*z - 4*x = 4, j*z = -2*z - 5*x + 31. What is the remainder when 14 is divided by z?
6
Suppose -3*b + 101 = 2. What is the remainder when b is divided by 12?
9
Suppose -4*j - r = 14, 2*j = -r - 1 - 7. Calculate the remainder when 39 is divided by 2 + 15 + j/1.
11
Suppose 5*d - 40 - 15 = 0. Let b be 2/6 + 928/24. Suppose -4*p + 45 = -b. What is the remainder when p is divided by d?
10
Let q(w) = w**3 - 9*w**2 - 22*w + 13. Calculate the remainder when 90 is divided by q(11).
12
Let v = -13 - -15. What is the remainder when v is divided by 1?
0
Suppose 8 = 2*k - 26. Calculate the remainder when -2*(2 - (-106)/(-4)) is divided by k.
15
Suppose 3*b + 9 = u + 4*b, -4*b + 50 = 5*u. Let m = -25 + 49. Calculate the remainder when m is divided by u.
10
Let l be ((-39)/9)/((-2)/(-18)). Let m = l - -58. What is the remainder when 56 is divided by m?
18
Suppose -72 = -2*h - 2*h. Let j = h - 6. Calculate the remainder when 23 is divided by j.
11
Suppose 3 = 2*n - 1. Suppose 0 = n*d - 47 - 11. What is the remainder when d is divided by 10?
9
Suppose 0*g = -g + 10. Suppose -33 = -g*h + 7*h. What is the remainder when (-374)/(-18) + 4/18 is divided by h?
10
Let c(m) = m - 4*m + m + 1 + m**3 + 2*m**2 + m. Let l(o) = 2*o**2 - o + 2. Let r(a) = 4*c(a) - 3*l(a). What is the remainder when r(2) is divided by 19?
17
Suppose -q = -5*a + 1045, -4*a - 5*q + 1015 = a. What is the remainder when (-7)/((-28)/a) + -3 is divided by 26?
23
Let p = -2 - -18. Let s = p - 11. Calculate the remainder when s is divided by 2.
1
Calculate the remainder when ((-9)/12 + -2)*3*-12 is divided by 10.
9
Let s = 72 + -51. Let n = -92 - -154. Calculate the remainder when n is divided by s.
20
Suppose -y = 3*k - 3, -y - 5 = 5*k - 2. Calculate the remainder when y is divided by 2.
0
What is the remainder when ((-50)/6)/(1/(-3)) is divided by (42/(-15))/(1/(-5))?
11
Suppose -4*a = -a. Suppose 3*c - 7 - 2 = a. Suppose 2*x + f = 6*x - 18, -c*x = -4*f - 20. Calculate the remainder when 7 is divided by x.
3
Calculate the remainder when 15 is divided by 3 + (-1)/4*2*-14.
5
Suppose 0 = -2*g + 19 + 39. Suppose 0 = u + 12 - 22. Calculate the remainder when g is divided by u.
9
Let d(h) = h**2 - h - 3. What is the remainder when 50 is divided by d(-4)?
16
Let o = -5 - -8. Suppose -5*y = -o*y - 6. Suppose -y*k + 0*k + 12 = 0. Calculate the remainder when k is divided by 3.
1
Let r = -3 + 16. Calculate the remainder when r is divided by 7.
6
Let u = 12 - 7. Suppose -u*d + 40 + 45 = 0. Calculate the remainder when d is divided by (-2)/(-1)*-1 - (-10 - -2).
5
Suppose 4*j - 9 = -g, 3*j = -2*g + 9 + 9. Calculate the remainder when g is divided by 4.
1
Let o(g) = g**2 - 4*g - 9. Let a(m) = m**2 - 4*m + 2. Suppose -2*c - 3*u = -c - 2, 5*c + 5*u - 20 = 0. What is the remainder when a(c) is divided by o(6)?
1
Let b = -77 - -240. Calculate the remainder when b is divided by 41.
40
Let v(g) = 10*g**2 + 5*g + 4. Let p be v(-4). Suppose -3*k + 6*k - p = 0. Let r = k + -25. Calculate the remainder when r is divided by 8.
7
Let f be 8/6*(-3)/(-2). Suppose -32 = f*i + 3*i - 2*p, i + 5*p = -1. Let w(n) = -n**2 - 7*n - 1. What is the remainder when 13 is divided by w(i)?
3
Suppose -5*c - c = -126. Let w(i) = i**2 - 4*i - 6. Let y be w(5). What is the remainder when 1 is divided by c/28 - y/4?
0
Let n(a) = -4*a**3 - 1. Let t(h) = 2*h + 1. Let g be t(-1). Let z be n(g). Suppose -13 - 17 = -z*q. What is the remainder when 37 is divided by q?
7
Let z(g) = -g**2 - 10*g - 9. Let a(l) = l**3 + 2*l**2 - 5*l - 4. Let o be a(-3). Suppose -o*h = -h - 8. What is the remainder when z(-6) is divided by h?
7
Let g = 7 - 2. Calculate the remainder when 14 is divided by g.
4
Suppose -3*q + 2*b = -54, 0 = -q + 3*b + 4 + 14. Calculate the remainder when q is divided by (-1 + -4 + -2)/(-1).
4
Calcula